{"id":22578,"date":"2021-12-27T10:10:21","date_gmt":"2021-12-27T16:10:21","guid":{"rendered":"https:\/\/dev.airchecklab.com\/aire-de-calidad-alimentaria-en-la-fabricacion\/video-calidad-del-aire-comprimido-de-grado-alimenticio\/"},"modified":"2021-12-27T10:10:21","modified_gmt":"2021-12-27T16:10:21","slug":"video-calidad-del-aire-comprimido-de-grado-alimenticio","status":"publish","type":"page","link":"https:\/\/www.airchecklab.com\/es\/aire-de-calidad-alimentaria-en-la-fabricacion\/video-calidad-del-aire-comprimido-de-grado-alimenticio\/","title":{"rendered":"Video: calidad del aire comprimido de grado alimenticio"},"content":{"rendered":"<h1>Video: calidad del aire comprimido de grado alimenticio<\/h1>\n<p>Navegar por la calidad del aire comprimido de grado alimenticio para SQF, BRC o su especificaci\u00f3n personalizada puede ser dif\u00edcil. En este seminario web, analizaremos los diversos contaminantes que pueden crear un problema para su producto final. Explicaremos las pruebas de aire comprimido ISO 8573-1 y por qu\u00e9 otras especificaciones no son adecuadas para los fabricantes de alimentos y bebidas. Tambi\u00e9n discutiremos las pruebas microbiol\u00f3gicas de aire comprimido ISO 8573-7. Luego, profundizaremos en algunas formas en que estos contaminantes pueden ocurrir y por qu\u00e9 pueden existir en una l\u00ednea de tuber\u00eda y no en otra. Terminaremos con consejos sobre c\u00f3mo crear un programa de seguimiento.<br \/>\n[h2]Navegando por el camino hacia la calidad del aire comprimido de grado alimenticio:[\/h2]<br \/>\n[video_youtube video_id=&#8221;8janGSzhs08&#8243; width=&#8221;460&#8243; height=&#8221;259&#8243; noyoutube=&#8221;&#8221; title=&#8221;Navigating the Path to Food Grade Compressed Air Quality&#8221;]<br \/>\n[NextPage]<br \/>\n[ShowSiblings]<\/p>\n","protected":false},"excerpt":{"rendered":"<p>Video: calidad del aire comprimido de grado alimenticio Navegar por la calidad del aire comprimido de grado alimenticio para SQF, BRC o su especificaci\u00f3n personalizada puede ser dif\u00edcil. En este seminario web, analizaremos los diversos contaminantes que pueden crear un problema para su producto final. Explicaremos las pruebas de aire comprimido ISO 8573-1 y por qu\u00e9 otras especificaciones no son adecuadas para los fabricantes de alimentos y bebidas. Tambi\u00e9n discutiremos las pruebas microbiol\u00f3gicas de aire comprimido ISO 8573-7. Luego, profundizaremos [&hellip;]<\/p>\n","protected":false},"author":1,"featured_media":0,"parent":22269,"menu_order":3,"comment_status":"closed","ping_status":"closed","template":"index.php","meta":{"content-type":""},"yoast_head":"<!-- This site is optimized with the Yoast SEO Premium plugin v20.0 (Yoast SEO v20.0) - https:\/\/yoast.com\/wordpress\/plugins\/seo\/ -->\n<title>Video: calidad del aire comprimido de grado alimenticio - Trace Analytics, the AirCheck Lab<\/title>\n<meta name=\"robots\" content=\"index, follow, max-snippet:-1, max-image-preview:large, max-video-preview:-1\" \/>\n<link rel=\"canonical\" href=\"https:\/\/www.airchecklab.com\/es\/aire-de-calidad-alimentaria-en-la-fabricacion\/video-calidad-del-aire-comprimido-de-grado-alimenticio\/\" \/>\n<meta property=\"og:locale\" content=\"es_ES\" \/>\n<meta property=\"og:type\" content=\"article\" \/>\n<meta property=\"og:title\" content=\"Video: calidad del aire comprimido de grado alimenticio\" \/>\n<meta property=\"og:description\" content=\"Video: calidad del aire comprimido de grado alimenticio Navegar por la calidad del aire comprimido de grado alimenticio para SQF, BRC o su especificaci\u00f3n personalizada puede ser dif\u00edcil. En este seminario web, analizaremos los diversos contaminantes que pueden crear un problema para su producto final. Explicaremos las pruebas de aire comprimido ISO 8573-1 y por qu\u00e9 otras especificaciones no son adecuadas para los fabricantes de alimentos y bebidas. Tambi\u00e9n discutiremos las pruebas microbiol\u00f3gicas de aire comprimido ISO 8573-7. Luego, profundizaremos [&hellip;]\" \/>\n<meta property=\"og:url\" content=\"https:\/\/www.airchecklab.com\/es\/aire-de-calidad-alimentaria-en-la-fabricacion\/video-calidad-del-aire-comprimido-de-grado-alimenticio\/\" \/>\n<meta property=\"og:site_name\" content=\"Trace Analytics, the AirCheck Lab\" \/>\n<meta name=\"twitter:card\" content=\"summary_large_image\" \/>\n<meta name=\"twitter:label1\" content=\"Tiempo de lectura\" \/>\n\t<meta name=\"twitter:data1\" content=\"1 minuto\" \/>\n<script type=\"application\/ld+json\" class=\"yoast-schema-graph\">{\"@context\":\"https:\/\/schema.org\",\"@graph\":[{\"@type\":\"WebPage\",\"@id\":\"https:\/\/www.airchecklab.com\/es\/aire-de-calidad-alimentaria-en-la-fabricacion\/video-calidad-del-aire-comprimido-de-grado-alimenticio\/\",\"url\":\"https:\/\/www.airchecklab.com\/es\/aire-de-calidad-alimentaria-en-la-fabricacion\/video-calidad-del-aire-comprimido-de-grado-alimenticio\/\",\"name\":\"Video: calidad del aire comprimido de grado alimenticio - Trace Analytics, the AirCheck Lab\",\"isPartOf\":{\"@id\":\"\/#website\"},\"datePublished\":\"2021-12-27T16:10:21+00:00\",\"dateModified\":\"2021-12-27T16:10:21+00:00\",\"breadcrumb\":{\"@id\":\"https:\/\/www.airchecklab.com\/es\/aire-de-calidad-alimentaria-en-la-fabricacion\/video-calidad-del-aire-comprimido-de-grado-alimenticio\/#breadcrumb\"},\"inLanguage\":\"es\",\"potentialAction\":[{\"@type\":\"ReadAction\",\"target\":[\"https:\/\/www.airchecklab.com\/es\/aire-de-calidad-alimentaria-en-la-fabricacion\/video-calidad-del-aire-comprimido-de-grado-alimenticio\/\"]}]},{\"@type\":\"BreadcrumbList\",\"@id\":\"https:\/\/www.airchecklab.com\/es\/aire-de-calidad-alimentaria-en-la-fabricacion\/video-calidad-del-aire-comprimido-de-grado-alimenticio\/#breadcrumb\",\"itemListElement\":[{\"@type\":\"ListItem\",\"position\":1,\"name\":\"Home\",\"item\":\"https:\/\/www.airchecklab.com\/es\/analisis-de-seguimiento-pruebas-ambientales-y-de-aire-comprimido\/\"},{\"@type\":\"ListItem\",\"position\":2,\"name\":\"Aire de calidad alimentaria en la fabricaci\u00f3n\",\"item\":\"https:\/\/www.airchecklab.com\/es\/aire-de-calidad-alimentaria-en-la-fabricacion\/\"},{\"@type\":\"ListItem\",\"position\":3,\"name\":\"Video: calidad del aire comprimido de grado alimenticio\"}]},{\"@type\":\"WebSite\",\"@id\":\"\/#website\",\"url\":\"\/\",\"name\":\"Trace Analytics, the AirCheck Lab\",\"description\":\"Compressed Air Testing for ISO 8573, Microbial, SQF, Breathing Air\",\"publisher\":{\"@id\":\"\/#organization\"},\"potentialAction\":[{\"@type\":\"SearchAction\",\"target\":{\"@type\":\"EntryPoint\",\"urlTemplate\":\"\/?s={search_term_string}\"},\"query-input\":\"required name=search_term_string\"}],\"inLanguage\":\"es\"},{\"@type\":\"Organization\",\"@id\":\"\/#organization\",\"name\":\"Trace Analytics, LLC\",\"url\":\"\/\",\"logo\":{\"@type\":\"ImageObject\",\"inLanguage\":\"es\",\"@id\":\"\/#\/schema\/logo\/image\/\",\"url\":\"https:\/\/www.airchecklab.com\/wp-content\/uploads\/2021\/08\/Blue-01.png\",\"contentUrl\":\"https:\/\/www.airchecklab.com\/wp-content\/uploads\/2021\/08\/Blue-01.png\",\"width\":1600,\"height\":301,\"caption\":\"Trace Analytics, LLC\"},\"image\":{\"@id\":\"\/#\/schema\/logo\/image\/\"}}]}<\/script>\n<!-- \/ Yoast SEO Premium plugin. -->","yoast_head_json":{"title":"Video: calidad del aire comprimido de grado alimenticio - Trace Analytics, the AirCheck Lab","robots":{"index":"index","follow":"follow","max-snippet":"max-snippet:-1","max-image-preview":"max-image-preview:large","max-video-preview":"max-video-preview:-1"},"canonical":"https:\/\/www.airchecklab.com\/es\/aire-de-calidad-alimentaria-en-la-fabricacion\/video-calidad-del-aire-comprimido-de-grado-alimenticio\/","og_locale":"es_ES","og_type":"article","og_title":"Video: calidad del aire comprimido de grado alimenticio","og_description":"Video: calidad del aire comprimido de grado alimenticio Navegar por la calidad del aire comprimido de grado alimenticio para SQF, BRC o su especificaci\u00f3n personalizada puede ser dif\u00edcil. En este seminario web, analizaremos los diversos contaminantes que pueden crear un problema para su producto final. Explicaremos las pruebas de aire comprimido ISO 8573-1 y por qu\u00e9 otras especificaciones no son adecuadas para los fabricantes de alimentos y bebidas. Tambi\u00e9n discutiremos las pruebas microbiol\u00f3gicas de aire comprimido ISO 8573-7. Luego, profundizaremos [&hellip;]","og_url":"https:\/\/www.airchecklab.com\/es\/aire-de-calidad-alimentaria-en-la-fabricacion\/video-calidad-del-aire-comprimido-de-grado-alimenticio\/","og_site_name":"Trace Analytics, the AirCheck Lab","twitter_card":"summary_large_image","twitter_misc":{"Tiempo de lectura":"1 minuto"},"schema":{"@context":"https:\/\/schema.org","@graph":[{"@type":"WebPage","@id":"https:\/\/www.airchecklab.com\/es\/aire-de-calidad-alimentaria-en-la-fabricacion\/video-calidad-del-aire-comprimido-de-grado-alimenticio\/","url":"https:\/\/www.airchecklab.com\/es\/aire-de-calidad-alimentaria-en-la-fabricacion\/video-calidad-del-aire-comprimido-de-grado-alimenticio\/","name":"Video: calidad del aire comprimido de grado alimenticio - Trace Analytics, the AirCheck Lab","isPartOf":{"@id":"\/#website"},"datePublished":"2021-12-27T16:10:21+00:00","dateModified":"2021-12-27T16:10:21+00:00","breadcrumb":{"@id":"https:\/\/www.airchecklab.com\/es\/aire-de-calidad-alimentaria-en-la-fabricacion\/video-calidad-del-aire-comprimido-de-grado-alimenticio\/#breadcrumb"},"inLanguage":"es","potentialAction":[{"@type":"ReadAction","target":["https:\/\/www.airchecklab.com\/es\/aire-de-calidad-alimentaria-en-la-fabricacion\/video-calidad-del-aire-comprimido-de-grado-alimenticio\/"]}]},{"@type":"BreadcrumbList","@id":"https:\/\/www.airchecklab.com\/es\/aire-de-calidad-alimentaria-en-la-fabricacion\/video-calidad-del-aire-comprimido-de-grado-alimenticio\/#breadcrumb","itemListElement":[{"@type":"ListItem","position":1,"name":"Home","item":"https:\/\/www.airchecklab.com\/es\/analisis-de-seguimiento-pruebas-ambientales-y-de-aire-comprimido\/"},{"@type":"ListItem","position":2,"name":"Aire de calidad alimentaria en la fabricaci\u00f3n","item":"https:\/\/www.airchecklab.com\/es\/aire-de-calidad-alimentaria-en-la-fabricacion\/"},{"@type":"ListItem","position":3,"name":"Video: calidad del aire comprimido de grado alimenticio"}]},{"@type":"WebSite","@id":"\/#website","url":"\/","name":"Trace Analytics, the AirCheck Lab","description":"Compressed Air Testing for ISO 8573, Microbial, SQF, Breathing Air","publisher":{"@id":"\/#organization"},"potentialAction":[{"@type":"SearchAction","target":{"@type":"EntryPoint","urlTemplate":"\/?s={search_term_string}"},"query-input":"required name=search_term_string"}],"inLanguage":"es"},{"@type":"Organization","@id":"\/#organization","name":"Trace Analytics, LLC","url":"\/","logo":{"@type":"ImageObject","inLanguage":"es","@id":"\/#\/schema\/logo\/image\/","url":"https:\/\/www.airchecklab.com\/wp-content\/uploads\/2021\/08\/Blue-01.png","contentUrl":"https:\/\/www.airchecklab.com\/wp-content\/uploads\/2021\/08\/Blue-01.png","width":1600,"height":301,"caption":"Trace Analytics, LLC"},"image":{"@id":"\/#\/schema\/logo\/image\/"}}]}},"_links":{"self":[{"href":"https:\/\/www.airchecklab.com\/es\/wp-json\/wp\/v2\/pages\/22578"}],"collection":[{"href":"https:\/\/www.airchecklab.com\/es\/wp-json\/wp\/v2\/pages"}],"about":[{"href":"https:\/\/www.airchecklab.com\/es\/wp-json\/wp\/v2\/types\/page"}],"author":[{"embeddable":true,"href":"https:\/\/www.airchecklab.com\/es\/wp-json\/wp\/v2\/users\/1"}],"replies":[{"embeddable":true,"href":"https:\/\/www.airchecklab.com\/es\/wp-json\/wp\/v2\/comments?post=22578"}],"version-history":[{"count":0,"href":"https:\/\/www.airchecklab.com\/es\/wp-json\/wp\/v2\/pages\/22578\/revisions"}],"up":[{"embeddable":true,"href":"https:\/\/www.airchecklab.com\/es\/wp-json\/wp\/v2\/pages\/22269"}],"wp:attachment":[{"href":"https:\/\/www.airchecklab.com\/es\/wp-json\/wp\/v2\/media?parent=22578"}],"curies":[{"name":"wp","href":"https:\/\/api.w.org\/{rel}","templated":true}]}}

<h1>Video: calidad del aire comprimido de grado alimenticio</h1>
<p>Navegar por la calidad del aire comprimido de grado alimenticio para SQF, BRC o su especificación personalizada puede ser difícil. En este seminario web, analizaremos los diversos contaminantes que pueden crear un problema para su producto final. Explicaremos las pruebas de aire comprimido ISO 8573-1 y por qué otras especificaciones no son adecuadas para los fabricantes de alimentos y bebidas. También discutiremos las pruebas microbiológicas de aire comprimido ISO 8573-7. Luego, profundizaremos en algunas formas en que estos contaminantes pueden ocurrir y por qué pueden existir en una línea de tubería y no en otra. Terminaremos con consejos sobre cómo crear un programa de seguimiento.<br />
[h2]Navegando por el camino hacia la calidad del aire comprimido de grado alimenticio:[/h2]<br />
[video_youtube video_id=&#8221;8janGSzhs08&#8243; width=&#8221;460&#8243; height=&#8221;259&#8243; noyoutube=&#8221;&#8221; title=&#8221;Navigating the Path to Food Grade Compressed Air Quality&#8221;]<br />
[NextPage]<br />
[ShowSiblings]</p>

<p>Video: calidad del aire comprimido de grado alimenticio Navegar por la calidad del aire comprimido de grado alimenticio para SQF, BRC o su especificación personalizada puede ser difícil. En este seminario web, analizaremos los diversos contaminantes que pueden crear un problema para su producto final. Explicaremos las pruebas de aire comprimido ISO 8573-1 y por qué otras especificaciones no son adecuadas para los fabricantes de alimentos y bebidas. También discutiremos las pruebas microbiológicas de aire comprimido ISO 8573-7. Luego, profundizaremos [&hellip;]</p>

<!-- This site is optimized with the Yoast SEO Premium plugin v20.0 (Yoast SEO v20.0) - https://yoast.com/wordpress/plugins/seo/ -->
<title>Video: calidad del aire comprimido de grado alimenticio - Trace Analytics, the AirCheck Lab</title>
<meta name="robots" content="index, follow, max-snippet:-1, max-image-preview:large, max-video-preview:-1" />
<link rel="canonical" href="https://www.airchecklab.com/es/aire-de-calidad-alimentaria-en-la-fabricacion/video-calidad-del-aire-comprimido-de-grado-alimenticio/" />
<meta property="og:locale" content="es_ES" />
<meta property="og:type" content="article" />
<meta property="og:title" content="Video: calidad del aire comprimido de grado alimenticio" />
<meta property="og:description" content="Video: calidad del aire comprimido de grado alimenticio Navegar por la calidad del aire comprimido de grado alimenticio para SQF, BRC o su especificación personalizada puede ser difícil. En este seminario web, analizaremos los diversos contaminantes que pueden crear un problema para su producto final. Explicaremos las pruebas de aire comprimido ISO 8573-1 y por qué otras especificaciones no son adecuadas para los fabricantes de alimentos y bebidas. También discutiremos las pruebas microbiológicas de aire comprimido ISO 8573-7. Luego, profundizaremos [&hellip;]" />
<meta property="og:url" content="https://www.airchecklab.com/es/aire-de-calidad-alimentaria-en-la-fabricacion/video-calidad-del-aire-comprimido-de-grado-alimenticio/" />
<meta property="og:site_name" content="Trace Analytics, the AirCheck Lab" />
<meta name="twitter:card" content="summary_large_image" />
<meta name="twitter:label1" content="Tiempo de lectura" />
	<meta name="twitter:data1" content="1 minuto" />
<script type="application/ld+json" class="yoast-schema-graph">{"@context":"https://schema.org","@graph":[{"@type":"WebPage","@id":"https://www.airchecklab.com/es/aire-de-calidad-alimentaria-en-la-fabricacion/video-calidad-del-aire-comprimido-de-grado-alimenticio/","url":"https://www.airchecklab.com/es/aire-de-calidad-alimentaria-en-la-fabricacion/video-calidad-del-aire-comprimido-de-grado-alimenticio/","name":"Video: calidad del aire comprimido de grado alimenticio - Trace Analytics, the AirCheck Lab","isPartOf":{"@id":"/#website"},"datePublished":"2021-12-27T16:10:21+00:00","dateModified":"2021-12-27T16:10:21+00:00","breadcrumb":{"@id":"https://www.airchecklab.com/es/aire-de-calidad-alimentaria-en-la-fabricacion/video-calidad-del-aire-comprimido-de-grado-alimenticio/#breadcrumb"},"inLanguage":"es","potentialAction":[{"@type":"ReadAction","target":["https://www.airchecklab.com/es/aire-de-calidad-alimentaria-en-la-fabricacion/video-calidad-del-aire-comprimido-de-grado-alimenticio/"]}]},{"@type":"BreadcrumbList","@id":"https://www.airchecklab.com/es/aire-de-calidad-alimentaria-en-la-fabricacion/video-calidad-del-aire-comprimido-de-grado-alimenticio/#breadcrumb","itemListElement":[{"@type":"ListItem","position":1,"name":"Home","item":"https://www.airchecklab.com/es/analisis-de-seguimiento-pruebas-ambientales-y-de-aire-comprimido/"},{"@type":"ListItem","position":2,"name":"Aire de calidad alimentaria en la fabricación","item":"https://www.airchecklab.com/es/aire-de-calidad-alimentaria-en-la-fabricacion/"},{"@type":"ListItem","position":3,"name":"Video: calidad del aire comprimido de grado alimenticio"}]},{"@type":"WebSite","@id":"/#website","url":"/","name":"Trace Analytics, the AirCheck Lab","description":"Compressed Air Testing for ISO 8573, Microbial, SQF, Breathing Air","publisher":{"@id":"/#organization"},"potentialAction":[{"@type":"SearchAction","target":{"@type":"EntryPoint","urlTemplate":"/?s={search_term_string}"},"query-input":"required name=search_term_string"}],"inLanguage":"es"},{"@type":"Organization","@id":"/#organization","name":"Trace Analytics, LLC","url":"/","logo":{"@type":"ImageObject","inLanguage":"es","@id":"/#/schema/logo/image/","url":"https://www.airchecklab.com/wp-content/uploads/2021/08/Blue-01.png","contentUrl":"https://www.airchecklab.com/wp-content/uploads/2021/08/Blue-01.png","width":1600,"height":301,"caption":"Trace Analytics, LLC"},"image":{"@id":"/#/schema/logo/image/"}}]}</script>
<!-- / Yoast SEO Premium plugin. -->

Video: calidad del aire comprimido de grado alimenticio Navegar por la calidad del aire comprimido de grado alimenticio para SQF, BRC o su especificación personalizada puede ser difícil. En este seminario web, analizaremos los diversos contaminantes que pueden crear un problema para su producto final. Explicaremos las pruebas de aire comprimido ISO 8573-1 y por qué otras especificaciones no son adecuadas para los fabricantes de alimentos y bebidas. También discutiremos las pruebas microbiológicas de aire comprimido ISO 8573-7. Luego, profundizaremos [&hellip;]

Aire de calidad alimentaria en la fabricación
